me factors of d(-6).
2, 17
Let l = 18 - -33. What are the prime factors of l?
3, 17
Let g(y) = 32*y**2 - y. Suppose 5*r + 0 = 5. List the prime factors of g(r).
31
Let t be -1 - (2 - (6 + -3)). Let p(o) = o**2 - o. Let q be p(-1). Suppose -3*h + q*h + 5 = t. What are the prime factors of h?
5
Suppose 5*i - 1 + 31 = 0. Let o be i - -8 - 1*-2. Suppose 2*f - 10 = -4, -4*d - o*f + 32 = 0. List the prime factors of d.
5
Let k be (6/4)/((-6)/(-12)). Suppose 3*f = 4*v + 34, -3*f = -0*f + k*v - 27. Let g = f - 0. List the prime factors of g.
2, 5
Let y(v) = -36*v - 1. Let j(b) = -7*b. Let q(h) = 11*j(h) - 2*y(h). List the prime factors of q(-2).
2, 3
Suppose 5*h = 4*h + 23. Suppose 16 = 3*l - h. What are the prime factors of l?
13
What are the prime factors of (100/6)/(26/39)?
5
Suppose -94 = 6*z - 514. List the prime factors of z.
2, 5, 7
Suppose -111 - 18 = -3*d. List the prime factors of d.
43
Let q = -55 + 77. Suppose y = -3*y - 3*p + q, -4 = -2*p. Suppose 26 = y*g - 10. What are the prime factors of g?
3
Suppose 2*r - 77 = 5*d, -r + 0*r + 3*d = -38. What are the prime factors of r?
41
Let k be 1/(1*2/(-10)). Let x(n) = 3*n**2 + 8*n - 3*n**2 + 0*n**2 + 4 + 2*n**2. List the prime factors of x(k).
2, 7
Let s be 0 + 6/2 - -11. List the prime factors of (-3 + 0)/((-3)/s).
2, 7
Suppose 0 = -r - 3, 0*r = 2*k + 5*r + 7. Suppose -o - 3 = -2*u + 7, 5*u + 1 = -k*o. Let w(c) = c**3 - 3*c**2 + 2*c - 3. List the prime factors of w(u).
3
Suppose -5*j - 9 = 1. Suppose 0 = 2*t + 6 + 4. What are the prime factors of (-23)/t - j/5?
5
Let c(i) = i**2 + 7*i - 34. List the prime factors of c(-11).
2, 5
List the prime factors of 151/2 + (-2)/(-4).
2, 19
Let c be (-3)/(-9) - (-10)/6. Suppose 3*a - 2*k - 16 = -c, -3*a - k + 29 = 0. What are the prime factors of a?
2
What are the prime factors of 4 + (-51)/15 + (-364)/(-10)?
37
Let h(i) be the first derivative of i**2/2 - 2*i - 1. List the prime factors of h(6).
2
Let m(r) = r**2 + 2*r - 1. Let u be (1 - (2 + -2))*11. Suppose 3*j + u = 2. What are the prime factors of m(j)?
2
Let g(q) = 6*q + 3. Let f = -10 + 14. What are the prime factors of g(f)?
3
Suppose 206 = 4*g - 102. List the prime factors of g.
7, 11
Suppose -6*j - 20 = -2*j + 4*g, -5 = g. Suppose i - 3 = -j*i. Suppose -5*s = i*u - 58, 0*s - 4*s + 72 = -4*u. List the prime factors of s.
2, 7
Let k(v) = 2*v - v + 2*v - 3. Let a be k(8). Suppose -3*o + 0*o = -a. List the prime factors of o.
7
Suppose 98 = 5*x - 82. Suppose x = 3*d - 0*d. List the prime factors of d.
2, 3
Suppose 2*b - 2 = 0, 2*q - 3*b + 4 = 5. Suppose 2*i - 32 = -q*i. List the prime factors of i.
2
Let r = 3 + 0. Let z be (-1)/((r + -2)/3). Let l = 5 + z. List the prime factors of l.
2
Suppose 45 = 2*p - 73. Let w = p - 36. List the prime factors of w.
23
Let l(a) = -6*a**3 + 2*a**2 + 2*a - 2. Let r be (0 + 3)/(12/(-8)). List the prime factors of l(r).
2, 5
Let n(w) = -5*w + 45. List the prime factors of n(3).
2, 3, 5
Suppose 0 = 7*r - 3*r - 12. Let f(g) = 2*g - 3. What are the prime factors of f(r)?
3
Suppose 7*u - 34 = 5*u. What are the prime factors of u?
17
List the prime factors of 4/(-14) + (-516)/(-42).
2, 3
Suppose -2*w = 2*g - 116, 0*w + 3*w = -g + 164. What are the prime factors of w?
53
Let l(x) = -11*x**2 + 10*x**2 + 6 - 8*x + x - x. What are the prime factors of l(-8)?
2, 3
Suppose 0 = -5*i - 25, -4*i + 7 = u - 5*i. Suppose -4*h + 98 = 2*l - u, 0 = -h - l + 27. List the prime factors of h.
23
Let p(t) = -t**2 - 2*t. Let a be p(-2). Suppose -i + 3 + 1 = a. What are the prime factors of i?
2
Let h(b) be the third derivative of -b**5/60 + b**4/4 - 5*b**3/6 + 4*b**2. Suppose -p + 8 = 4. List the prime factors of h(p).
3
Let a(t) = 2*t**2 - t + 1. Let m be a(1). Suppose m*n = -n + 39. What are the prime factors of n?
13
Suppose 3*n = 126 - 18. What are the prime factors of n?
2, 3
Let l = -257 + 560. List the prime factors of l.
3, 101
Let u(a) = -a**2 + 2*a. Let i be u(4). Let j = -4 - i. Suppose d - 14 = 2*x, j*d - 60 = 6*x - 2*x. List the prime factors of d.
2
Let u be (-1 - -1) + 6 + -2. Suppose 0*s - s = -4*z + 51, 0 = -u*z - s + 45. Suppose -r + z = r. List the prime factors of r.
2, 3
Suppose 3*p = 4*v - 3*v - 96, -2*p - 192 = -2*v. What are the prime factors of v?
2, 3
Suppose -4*h + h + 90 = 0. List the prime factors of h.
2, 3, 5
Suppose 0 = -5*i - t + 10, 3*i - 5*t + 35 - 13 = 0. Let f = 2 + i. Let m = f - 0. List the prime factors of m.
3
Let n(g) = g**3 + 4*g**2 - 12*g. What are the prime factors of n(-5)?
5, 7
Suppose -3*i + 66 = -0*i. List the prime factors of i.
2, 11
Suppose 3*r - 3*f + 8*f = 56, 3*r + 4*f - 55 = 0. Let y = -9 + r. What are the prime factors of y?
2
Let a = 801 + -566. What are the prime factors of a?
5, 47
Suppose 2*c = -0*c - 6. Let m = 5 + c. Suppose -o + 0*i = m*i, 0 = 4*o - 5*i - 39. List the prime factors of o.
2, 3
Let k be (-5 + 2)*(-2)/(-3). Let u be k/((-2)/(6*2)). Suppose 0*c + u = c. What are the prime factors of c?
2, 3
What are the prime factors of (((-756)/(-16))/(-9))/((-3)/88)?
2, 7, 11
Let u be 45/20 + 2/(-8). List the prime factors of (u/3)/((-6)/(-63)).
7
Let z be ((-234)/24)/(3/(-16)). Suppose -2*q = -z + 20. What are the prime factors of q?
2
Let k(g) = -9*g**2 + 1. Let b(h) = 8*h**2 - h - 2. Let n(v) = -2*b(v) - 3*k(v). List the prime factors of n(-1).
2, 5
Let d(u) be the third derivative of -u**4/8 - 5*u**3/6 - 2*u**2. What are the prime factors of d(-5)?
2, 5
Suppose 5*b + 2*u - 57 = 163, 4*b = -4*u + 164. What are the prime factors of b?
2, 23
Suppose 92 = 5*j - j. List the prime factors of j.
23
Let k(w) = 6*w**2 - w - 1. List the prime factors of k(-1).
2, 3
Let k(q) = -7*q + 2. Let a be k(-4). Suppose 0 = -5*j - 0*g + 3*g + a, 25 = -5*g. List the prime factors of j.
3
Suppose -6*b + 87 + 75 = 0. List the prime factors of b.
3
Suppose 2*g + k + 30 = -3*k, 2*k - 100 = 4*g. Suppose -41 = 4*x - 5*r, 4*r + 39 = -3*x - 15. Let n = x - g. What are the prime factors of n?
3
Let u(p) = 70*p**2 - p. List the prime factors of u(-1).
71
Suppose 2*i = 2*s + 4, -i - 5*s - 2 - 20 = 0. What are the prime factors of ((-36)/(-8))/(i/(-12))?
3
Let a(r) = r**2 - 9*r - 8. Let h be a(10). What are the prime factors of ((-3)/h)/(12/(-232))?
29
Let i = -5 - -10. Suppose -3*w = 2*w + 5*b, -i*b = w + 12. Let z(y) = 3*y - 1. List the prime factors of z(w).
2
Let u = -57 - -92. Let q = 61 - u. Suppose -5*a = z - 27, 0*z - 3*z + q = 4*a. What are the prime factors of z?
2
Let w(z) = z - 3. Let i be w(10). Let n = i - 5. List the prime factors of n.
2
Suppose 19 = b - 28. List the prime factors of b.
47
Let d = 51 + 35. List the prime factors of d.
2, 43
Suppose -4*d = p + p - 456, 0 = 2*d - 4*p - 228. List the prime factors of d.
2, 3, 19
Let h(y) = y + y + 7*y**2 - 2*y**2 - 1 + 0. Let t be h(-2). Suppose z + 0*z = t. What are the prime factors of z?
3, 5
Suppose 5*s + 5*q - 1190 = 0, -9*q + 1195 = 5*s - 5*q. List the prime factors of s.
3
Let v be 22/4 + (-2)/4. Let i(p) = -p**2 + 4*p - 1. Let d be i(3). Suppose k - 12 = -0*k + d*a, 3*k - v*a - 31 = 0. What are the prime factors of k?
2
Let u(w) = 12*w**2 + w + 1. Suppose -g = -4 - 2. Suppose 3 = 3*d - g*d. What are the prime factors of u(d)?
2, 3
Suppose -t + 13 = 4*g - 0*t, 5*t - 19 = 3*g. Let w be 9/g + 3/6. Suppose -r = -0*r - w. List the prime factors of r.
5
Let z(r) = 25 - 2*r**2 - 3 + 3*r**2. Let b be z(0). List the prime factors of b/3 + (-4)/(-6).
2
Suppose -3*v + 4*v = 10. Suppose 5*o - 18 = 2*r, -2*o + v = -7*o - 5*r. List the prime factors of (-2)/o*(-1 + -3).
2
Let p = -38 - -70. What are the prime factors of p?
2
Suppose 7*i = 157 + 431. What are the prime factors of i?
2, 3, 7
Let g(o) = -11*o - 7. What are the prime factors of g(-8)?
3
Suppose c = -2*v + 5, -2*v - 2*c + 3*c = -7. Suppose v*l = t - 3, -l - 2*l = 3. Suppose -g + 28 = 3*p, -p - g - g + 16 = t. What are the prime factors of p?
2
Let n = 40 - 18. Suppose 5*i + 3*f - 10 = 8*f, -5*i + f = -n. Suppose -13 = -i*w - 4*g + 40, -w - 3*g + 15 = 0. What are the prime factors of w?
3
Suppose 4*j = -4*t + 5*j + 126, 0 = 4*t - 2*j - 124. What are the prime factors of t?
2
Let d(t) = -24*t + 11. What are the prime factors of d(-3)?
83
Let x = 39 - 22. List the prime factors of x.
17
Let p(x) be the second derivative of -x**5/20 + 5*x*